he prime factors of y.
2, 5
Let d be (-293392)/(-55) - (-2)/(-5). Suppose -22*b + d = 978. What are the prime factors of b?
2, 3, 11
Suppose 13*o - v = 8*o + 13599, 2*o - 5412 = 5*v. What are the prime factors of o?
3, 907
Let i(k) = 2*k**3 + 22*k**2 + 17*k - 45. Let f(z) = z**3 + 11*z**2 + 9*z - 22. Let g(y) = -13*f(y) + 6*i(y). What are the prime factors of g(-11)?
181
Let q(i) = -2*i - 8. Let u be (7 - 4 - -3)/(-1). Let t be q(u). Suppose 4*s + t*s = 712. What are the prime factors of s?
89
What are the prime factors of (-5985)/7*-17 - 10?
5, 7, 83
Suppose -333*u = -304057 - 309165 - 4160. List the prime factors of u.
2, 3, 103
Let m(t) = -44*t**3 + 5*t**2 + 2*t. Let o(x) = 88*x**3 - 11*x**2 - 5*x. Let v(q) = 7*m(q) + 3*o(q). Let g be v(-2). List the prime factors of g/5 - 3/(-5).
73
Let o(q) = -q**3 - 8*q**2 + 9*q + 6. Suppose 10*i + 95 - 5 = 0. Let n be o(i). Suppose 0 = n*a - 15*a + 441. What are the prime factors of a?
7
Suppose -21*x - 181721 + 700253 = 0. What are the prime factors of x?
2, 6173
Let h = -40 - 142. Let u = h + 531. List the prime factors of u.
349
Suppose -2*i - 30 = -3*u - 0*i, -2*u = 2*i - 20. Suppose u*w = 1667 + 4083. What are the prime factors of w?
5, 23
Suppose 62*o - 2468889 = -79*o - 66*o. List the prime factors of o.
11927
Let c(t) = -t**2 + 9*t + 155. Let g(p) = p**2 + p + 3. Let f(j) = c(j) + 2*g(j). List the prime factors of f(-37).
1123
Let d(o) = -5*o**3 + 345*o**2 + 24*o - 59. List the prime factors of d(12).
41269
Let d(s) = s**2 - 14*s + 4. Let q be d(12). Let h = 20 + q. Suppose h = 7*c + 2*c - 63. What are the prime factors of c?
7
Let l(z) = -z**2 - 6*z + 8. Let k(c) = 23 + 9 - c - 16. Let t be k(20). What are the prime factors of l(t)?
2
Let z(n) = 13*n**2 - 278*n + 6048. List the prime factors of z(25).
31, 233
Suppose -4 = -5*h + 51. Let r be (h/33)/(1*(-2)/(-12)). Suppose r*i - 155 - 37 = 0. What are the prime factors of i?
2, 3
Let g = 178 - 320. Let d = g + 299. What are the prime factors of d?
157
Suppose 0 = 24*d - 22*d + 2*s - 18600, -3*d - 4*s = -27902. List the prime factors of d.
2, 4649
Let z = -21868 - -33373. What are the prime factors of z?
3, 5, 13, 59
Let t = 11086 + -8588. List the prime factors of t.
2, 1249
Let q(u) = 15*u - 27. Let o be q(9). Let y = -103 + o. Suppose 0 = -5*d - y, 3*n - n - 5*d - 349 = 0. What are the prime factors of n?
2, 43
Suppose 0 = 4*n - 4*y + 17 + 27, 0 = 4*n + 5*y + 62. What are the prime factors of 234 - (n + 6 + 1)?
2, 3, 5
Suppose -2*q = 3*a - 90448, -9*q + 4*q - 120628 = -4*a. What are the prime factors of a?
2, 3769
Suppose -131611 - 12113 = -59*g. List the prime factors of g.
2, 3, 7, 29
Suppose 255 = -x - 4*x. Let k(h) = -h**2 - 29*h - 78. Let a be k(-10). Let o = x + a. What are the prime factors of o?
61
Suppose 0 = -17*k + 15*k + 3*j + 27051, k - 5*j = 13543. What are the prime factors of k?
2, 3, 751
Let j(p) = -14*p + 24. Let o be j(-8). List the prime factors of (o/2 - (14 + -16))/1.
2, 5, 7
List the prime factors of 22299*((-11)/(-3) - 6)*-1.
7, 7433
Let n be 2590/3 - (-3)/9*2. Suppose -30*q + n = -27*q. Suppose -4*b - 2*j - 2*j + q = 0, 0 = j - 3. List the prime factors of b.
3, 23
Let q(f) = -2*f**2 + 4*f - 11. Let m be q(10). Let w = m - -407. What are the prime factors of w?
2, 59
Suppose -2*t = -o - 7*t - 48, 4*o - 2*t + 82 = 0. Let d(h) = -h**3 - 22*h**2 + 9*h - 40. What are the prime factors of d(o)?
2, 3, 47
What are the prime factors of 1*(-2)/20 + 8246810/100 + -4?
2, 3, 859
Let x = -12228 + 21424. What are the prime factors of x?
2, 11, 19
Suppose -4*g + 0*f = 5*f - 801, 5*f = 5*g - 1035. Suppose 2*w - 9*x = -6*x + g, -4 = -x. What are the prime factors of w?
2, 3
Let j(i) = -2*i - 41. Let m be 6/2 - (-1144)/11. Let r = m + -130. What are the prime factors of j(r)?
5
Let u be 413*(12/(-4) + 5). Suppose 5*q - 4*f = 1394, 5*f + u = 5*q - 2*q. List the prime factors of q.
2, 3, 47
Let s(g) = 34*g - 12. Let a(h) = h**3 - 19*h**2 + 2. Let o be a(19). Let w be o*(36/4)/3. What are the prime factors of s(w)?
2, 3
Let s be 1*(4/(-7) + (-59432)/119). Let d = s - -757. What are the prime factors of d?
257
Let z(f) = -f + 11. Let d be z(8). Suppose 3*m = -d + 9. Suppose 0 = 2*i - 16 + m. What are the prime factors of i?
7
Suppose 5*m = -3*t + 12428 + 15451, -3*m + 18 = 0. List the prime factors of t.
9283
Suppose -160 = 6*d - 160. Suppose -4047 = 2*u - 6*u + h, 4*u - 4*h - 4032 = d. What are the prime factors of u?
1013
Let u be 31/((-323)/(-357) - 4/(-42)). Suppose t - u*t + 1320 = 0. List the prime factors of t.
2, 11
List the prime factors of 10186/3 - 15/(-540)*-12.
5, 7, 97
Let k = 584 + -1067. Let j = -115 - k. What are the prime factors of j?
2, 23
Let t(g) = 12*g + 17. Let p be t(13). Let v = 567 + p. What are the prime factors of v?
2, 5, 37
Let w(x) = -11 - 2*x + 34 + 8. Let i be w(-8). Suppose b - 85 = -4*f, i = -b - f + 144. List the prime factors of b.
101
Let z(t) = t**3 - 28*t**2 + 10*t - 493. List the prime factors of z(31).
2, 3, 5
Let i = 97 - 39. Suppose i - 42 = x. Let s = -5 + x. What are the prime factors of s?
11
Suppose -2*m - 2 = 0, -3*b = -m - 4 - 24. Let x be b/12 + (-87)/(-12). What are the prime factors of 0 + 2 + 1 + x?
11
Suppose w - 3*d = 17770, 40*d - 37*d = 2*w - 35552. What are the prime factors of w?
2, 17, 523
Let y(o) = -o**3 - 2*o**2 + 641. Let d be y(0). Let a = 649 - d. List the prime factors of a.
2
Let c(u) = -130*u - 118. Let v = -170 - -164. What are the prime factors of c(v)?
2, 331
Let c(i) = 32 - 65 + 25*i + 11*i. What are the prime factors of c(9)?
3, 97
Suppose 179 = -3*b - z, -9*b + 7*b - 102 = 5*z. Let d = 173 + b. What are the prime factors of d?
2, 7
Let p = 28147 - 14425. Suppose 17*y - p = 1969. What are the prime factors of y?
13, 71
What are the prime factors of (-20796)/30*1*(-29 - 1)?
2, 3, 1733
Let b = 2392 - 1634. Let d = 1242 - b. What are the prime factors of d?
2, 11
Let v(y) = y**2 - 5*y + 70. Let b = -26 + 57. Suppose -1 - b = -2*w. List the prime factors of v(w).
2, 3, 41
Let l(c) = -128*c - 2237. List the prime factors of l(-77).
19, 401
Suppose 6*h = -h - 5110. Let w = h + 1388. List the prime factors of w.
2, 7, 47
Let u be (-119)/(-51) - 1/3. Suppose u*q + 21 = 101. What are the prime factors of 0/(-5) - q/(-2)?
2, 5
Suppose 26*u - 439501 = 582403. What are the prime factors of u?
2, 17
Suppose -5*m - m = 0. Suppose -3*j + 388 + 35 = m. Suppose 78 = 3*h - j. What are the prime factors of h?
73
Let v = -908 + 230. Let n = -625 - v. What are the prime factors of n?
53
Let k = 101606 - 27413. List the prime factors of k.
3, 7, 3533
Let h(a) = 261*a**2 + 37*a + 118. List the prime factors of h(14).
2, 3, 13, 83
Let i(m) = -m**2 - 9*m - 11. Let z be i(-7). Suppose a - 2*a - 3*g - 18 = 0, 54 = -z*a + 3*g. Let s(y) = -11*y - 8. What are the prime factors of s(a)?
2, 5, 19
What are the prime factors of 4/(-2) + (-685106)/(-82) + (-114)/(-2337)?
8353
Let c(b) = -6448*b + 122. List the prime factors of c(-13).
2, 3, 17, 823
Let l = 172 - 169. Suppose m + l*n - 52 - 244 = 0, -293 = -m - 4*n. What are the prime factors of m?
5, 61
Suppose 46 = 5*z - 34. Let w be z/(-4)*(2 + -3)*118. Suppose 14*h - 18*h + w = 0. List the prime factors of h.
2, 59
Let c(f) = -198*f. Let i(q) be the third derivative of -q**6/120 - 7*q**5/20 + q**4 + 43*q**3/6 - 41*q**2. Let g be i(-22). List the prime factors of c(g).
2, 3, 11
Suppose -14*u - 256 = 38. What are the prime factors of 15/(-9) + (-245)/u?
2, 5
Let c = -21240 - -30866. What are the prime factors of c?
2, 4813
Let b(y) = 8*y + 110. Let j be b(-13). What are the prime factors of j*-5*(-192)/16?
2, 3, 5
Let u be (1 + 0/3)/(4/5544). Suppose 10*l - u = 2184. What are the prime factors of l?
3, 7, 17
Suppose 0 = -3*b - 0*b + a + 28, -2*a - 2 = 0. Suppose 0 = -z - 8*o + b*o + 129, -655 = -5*z + 3*o. List the prime factors of z.
2, 67
Let a(v) = 2*v + 20. Let u be a(-11). Let x be (-70)/(-15) - u/6 - -2. Suppose -2*z + 729 = x*z. What are the prime factors of z?
3
Suppose 91*i - 1022262 - 3126 = 0. What are the prime factors of i?
2, 3, 313
Suppose 0 = -3*m + 263 - 266, 0 = -4*h + 3*m + 36535. What are the prime factors of h?
9133
Let p be (2/4)/(-2*1/20). List the prime factors of (-2)/(-9) + (43325/45 - p).
2, 11
Let r be -1 + -1 + -57 